-w*m + 3671 = 2*q + q. What is the units digit of q?
2
Let t = 38717 - -13346. What is the hundreds digit of t?
0
Let u(t) = 10*t**2 - 90*t. Let d be u(9). Suppose 5*s - 4464 = -3*l + 1653, -5*s + 3*l + 6093 = d. What is the units digit of s?
1
Let z(v) = -v**3 - 16*v**2 + 3*v - 17. Let d be z(-20). Let y = d + -951. What is the units digit of y?
2
Let z(m) = 30*m + 112. Let k = 388 + -376. What is the hundreds digit of z(k)?
4
Suppose -2*a - 24 = -3*d + 80, 3*a = 2*d - 76. Suppose d*b - 24287 = -2975. What is the tens digit of b?
6
Let o(u) = -272*u - 424. What is the hundreds digit of o(-35)?
0
Let q = -14937 - -24879. What is the hundreds digit of q?
9
Let d(l) = 873*l**2 - 8*l - 12. What is the tens digit of d(2)?
6
Let u(w) = w + 23. Let f be u(-18). Suppose -2*p + f = 23. What is the tens digit of (-16180)/(-90) - (-2 - 16/p)?
8
Let i = -8572 - -12385. What is the thousands digit of i?
3
Let d = 9399 + -6231. Suppose 0 = 6*b + 5*b - d. What is the hundreds digit of b?
2
Suppose 0 = -9*v + 26 + 1. Suppose -4*f - 19 - 1 = -u, 3*f = -v*u. Suppose -q - 3*m = -83, -u*m = 2*q - 239 + 65. What is the units digit of q?
5
Let s = 25531 + 13752. What is the ten thousands digit of s?
3
Let u be (-63)/(-77) - 4/(-22). Let z be (u*6/(-5))/(12/(-200)). Suppose n + z = 121. What is the units digit of n?
1
Suppose -4 - 35 = -3*y. Let q be y/(5/(5 + 0)). What is the units digit of ((-54)/4)/(((-65)/10)/q)?
7
Let c be (-3)/(-1) + -2 + -1. Let z = 378 - 374. Suppose c = -z*a + 3*d + 300, -5*a + 186 = 4*d - 220. What is the units digit of a?
8
Suppose -4*o - 16 = 0, 709*j = 713*j + 5*o - 2156. Let h = 303 + -625. Let u = h + j. What is the tens digit of u?
2
Let i = 284 - 281. Suppose -5*u = 4*a - 934 - 2628, i*u + 5*a = 2132. What is the hundreds digit of u?
7
Suppose 10 = -31*o + 36*o. Suppose -3*a + o*v - 256 = 0, 4*v + 553 - 119 = -5*a. Let y = -66 - a. What is the tens digit of y?
2
Let o = -13956 - -33182. What is the units digit of o?
6
Let y be -7 - (-413)/(5 + -12). Let d = 199 - y. What is the tens digit of d?
6
Let s = -14312 + 28529. What is the thousands digit of s?
4
Suppose -67*c = -58*c - 23454. What is the tens digit of c?
0
Suppose -p - 3*m + 356 - 1206 = 0, 0 = 2*p + m + 1680. Let s = p - -1308. What is the tens digit of s?
7
Let w(k) = 17*k**2 + 13*k + 24 + 2*k**3 + 28*k + 0 - k**3. What is the tens digit of w(-14)?
3
Let w = 12396 + -8510. What is the thousands digit of w?
3
Suppose 12836 = 15*w + 926. Suppose w = 3*m - 85. What is the units digit of m?
3
Let c(b) = 18*b**2 + 18*b + 460. What is the units digit of c(-16)?
0
Let z(m) be the first derivative of 7/2*m**2 + 21*m + 18. What is the units digit of z(9)?
4
What is the hundreds digit of 244/427 - (-27124)/14?
9
Suppose -180512 = -2*d + 83*d - 1034900. What is the tens digit of d?
4
Suppose 3*y - 4*m + 5833 = 45857, -m - 53374 = -4*y. What is the units digit of y?
4
Let y(g) = 10*g**3 + 5*g**2 + 6*g + 10. What is the hundreds digit of y(3)?
3
Let s(u) = 16 + 26*u - 37*u + 48 + 49. What is the hundreds digit of s(-6)?
1
Let r(x) = -x**3 - 4*x**2 - 3*x + 4. Let v(j) = -j. Let q be v(2). Let k be r(q). Suppose 0 = s - 9 - k. What is the units digit of s?
1
What is the tens digit of (2/8 - (-66010)/4) + 420/(-560)?
0
Suppose 0 = -2*s - 54*z + 55*z + 21111, -z + 10563 = s. What is the thousands digit of s?
0
Suppose -21*r - 67054 = -26*r - 3*c, 4*c = 4*r - 53592. What is the ten thousands digit of r?
1
Suppose 2*v - 13*k - 22 = -11*k, 14 = -v - 4*k. Suppose 0 = 3*x + p - 1622, 0 = -3*p + v*p - 15. What is the tens digit of x?
3
Let o(r) = -23*r - 67. Let j be o(6). Let d = 377 + j. What is the units digit of d?
2
Let o = -406 + 414. Let z(m) = m**3 - 6*m**2 - 7*m - 19. What is the tens digit of z(o)?
5
Suppose 27 = 277*l - 255*l + 5. Let c(z) = 0 - 24*z - 2 + 137*z. What is the tens digit of c(l)?
1
Let k = 9839 + 8010. What is the hundreds digit of k?
8
Let h(v) = -v**3 + 13*v**2 - 10*v + 24. Let s(k) = k**2 + 4*k - 9. Let d = -56 + 59. Let c be s(d). What is the tens digit of h(c)?
4
Let y(r) = r**2 + 5*r + 4. Let i be y(-5). Suppose -6*z = -i*z + 28. Let u = z - -17. What is the units digit of u?
3
Let y be (-72)/(-144)*(20 + (0 - 0)). Suppose 41 = -y*z + 231. What is the tens digit of z?
1
Let r(f) = 5*f. Let n be r(-3). Let g = n + 19. Suppose g*o - 6*o + 62 = 0. What is the tens digit of o?
3
Let f(i) = 1179*i**2 + 34*i + 114. What is the hundreds digit of f(-3)?
6
Let u(s) = 546*s + 69. Let r(x) = -137*x - 17. Let z(t) = 9*r(t) + 2*u(t). What is the hundreds digit of z(-4)?
5
Let c = 219 - 398. Let p = -71 - c. What is the tens digit of p?
0
Suppose 12*n - 13*n - 5 = -a, 0 = 4*n - 12. Let r(b) = 2*b**3 - 3*b**2 + 11. What is the hundreds digit of r(a)?
8
Let r be (-3948)/(-7)*(-4)/8. Let d = r - -357. What is the units digit of d?
5
Let t be 16 - 20 - (-1 + -6 + -1). Suppose 0*p = 3*p + 2*z - 530, t*p + 3*z = 707. Let n = 304 - p. What is the units digit of n?
8
Suppose -29*z - 48 = -37*z. Suppose z*f = -23*f + 11194. What is the hundreds digit of f?
3
Suppose -95*o + 177*o = 563996. What is the units digit of o?
8
Suppose -3*m - 6 = 3*w, -m + 6*m = -w - 22. What is the tens digit of (-752)/(-12) - 5/w?
6
Suppose 0 = 2*y + 4*z - 6, 8 = -4*y - 6*z + 2*z. Let c(w) = w**3 + 10*w**2 + 4*w + 13. What is the hundreds digit of c(y)?
1
Let r = 47 + -42. Suppose -s + r*s - 148 = 0. Suppose -3*l = -s - 50. What is the units digit of l?
9
Let p(y) = 13*y**2 + 5*y - 2. Let l be (-2*1/(-6))/((-5)/(-30)). Let h(n) = n**2 - n. Let i(b) = l*h(b) + p(b). What is the units digit of i(1)?
6
Suppose -4*r + 31794 = -2*v, r - 9443 + 1481 = 5*v. What is the tens digit of r?
4
Suppose 0 = 55*x - 48*x - 12046 + 2253. What is the thousands digit of x?
1
Let a(p) = 54*p**2 - 128*p + 1889. What is the ten thousands digit of a(35)?
6
What is the tens digit of ((-8)/(-10))/((-4)/10) + 166/1?
6
Suppose 3*i - 10 = n, 6 = 5*n + 2*i - 3*i. Suppose 14 = -n*k - 3*b - b, 5*k - b = -13. What is the tens digit of k + (-1 - -1) + 26?
2
Let m = -57275 - -87840. What is the thousands digit of m?
0
Let i(x) = 66*x + 763. What is the units digit of i(10)?
3
Let x(f) = f**2 - 1. Let z(y) = -10*y**2 - 10*y + 54. Let o(m) = -6*x(m) - z(m). What is the hundreds digit of o(-15)?
7
Let r(n) = n**3 + n**2 - 10*n - 10. Let v be r(-4). What is the units digit of -1 + 731 - (-19)/((-57)/v)?
6
Suppose c + 3700 = 2*h, -2*h - h + c + 5552 = 0. Suppose 0 = 17*o + h - 5847. What is the hundreds digit of o?
2
Let y be 1/3 + (-1)/3. Let m be y/(-3) - 4 - -4. Suppose 4*x + x - 100 = m. What is the units digit of x?
0
Suppose -32*s + 44778 = 2*g - 31*s, -5*g + 111942 = 2*s. What is the ten thousands digit of g?
2
Let o = 209 - 371. Let b = 221 + o. What is the tens digit of b?
5
Let u(b) = -b + 39. Let t(s) = 2*s**2 - 13*s - 4. Let k be t(7). Suppose -42 = 5*h + k. What is the units digit of u(h)?
8
Let r(h) = 50785*h**2 + 101*h - 104. What is the units digit of r(1)?
2
Let l(z) = 7679*z + 763. What is the hundreds digit of l(3)?
8
Let u = 5664 + -1255. What is the thousands digit of u?
4
Let j be 6/(-15) - (-48)/20. Suppose -2*h - j*h = -x - 22, -3*h = -3*x - 21. Suppose 5*s = 1 + 9, -h*s - 227 = -3*m. What is the units digit of m?
9
Let m(i) = 256*i + 4. Let h be m(1). Let b be (32/10)/(h/125 - 2). Suppose -3*f + 2*o = -6*f + 44, 0 = -2*f - 4*o + b. What is the tens digit of f?
1
Let w be 2 + (15/(-10) - (-46)/4). Suppose -3*u = 3 - w. Suppose -3*z = -u*k + 2*k + 113, -5*k - 2*z + 497 = 0. What is the units digit of k?
1
Suppose -f - 69610 = -3*i + 48799, 2*i = -2*f + 78934. What is the tens digit of i?
6
Let y(i) = 5*i - 221. Let a be y(45). Suppose -13*c + 18*c = a*f - 3115, 0 = -4*f - 4*c + 3160. What is the units digit of f?
5
Suppose 0 = 93*k - 96*k - 12. Let n be 1/(-2*(-2)/k). What is the units digit of 946/(-77)*(n - 6)?
6
Suppose -30*n = -25*n - 33500. What is the hundreds digit of n?
7
What is the units digit of (5 + 335605/5)/(17 - (-144)/(-9))?
6
Let f = 282 + -42. Let u = f - 82. What is the tens digit of u?
5
Let c(h) = 6*h - 24. Let u(k) = -1. Let l(r) = -c(r) + 12*u(r). Suppose -45 = 5*t + 5*g, 119*t - 121*t + 17 = -5*g. What is the units digit of l(t)?
6
Let y be 0*((-2)/(-4) - 1). Let j be (-62)/((-2)/3 - y). Suppo